{"id":18448,"date":"2022-02-07T08:12:25","date_gmt":"2022-02-07T08:12:25","guid":{"rendered":"http:\/\/seda.org.rs\/?p=18448"},"modified":"2024-04-23T16:23:58","modified_gmt":"2024-04-23T16:23:58","slug":"javni-poziv-u-okviru-projekta-novi-pazar-za-nove-poslove-inicijativa-za-inkluziju-faza-iii","status":"publish","type":"konkursi","link":"https:\/\/seda.org.rs\/konkursi\/javni-poziv-u-okviru-projekta-novi-pazar-za-nove-poslove-inicijativa-za-inkluziju-faza-iii\/","title":{"rendered":"Javni poziv u okviru Projekta Novi Pazar za nove poslove &#8211; Inicijativa za inkluziju FAZA III"},"content":{"rendered":"<section id=\"2202-02\" class=\"mbr-section article content1 cid-sWyloodjdP\">\n<div class=\"container\">\n<div class=\"media-container-row\">\n<div class=\"mbr-text col-12 mbr-fonts-style display-7 col-md-12\">\n<p class=\"\">Objavljeni novi javni pozivi u okviru projekta ,,NOVI PAZAR ZA NOVE POSLOVE\u201d, koji finansira Nema\u010dka razvojna saradnja, a implementira GIZ u okviru programa Inkluzija Roma i drugih marginalizovanih grupa u Srbiji \u2013 Inicijativa za inkluziju FAZA III.<\/p>\n<p class=\"\">Objavljeni su pozivi:<\/p>\n<ul>\n<li>za izbor nezaposlenih lica iz te\u017ee zapo\u0161ljivih grupa, sa posebnim naglaskom na povratnike, rome i mlade ispod 30 godina, za proces dokvalifikacije i prekvalifikacije i\/ili zapo\u0161ljavanja kod poznatog poslodavca.\u00a0 Dokumentaciju mo\u017eete preuzeti u nastavku, i to:<br \/>\n<a href=\"http:\/\/seda.org.rs\/wp-content\/uploads\/2022\/02\/0.-Pristanak-na-obradu-podataka-o-li\u010dnosti_NP-GIZ-III.docx\">0. Pristanak na obradu podataka o li\u010dnosti_NP GIZ III<br \/>\n<\/a><a href=\"http:\/\/seda.org.rs\/wp-content\/uploads\/2022\/02\/1.-Izjava-o-pripadnosti-povratni\u010dkoj-populaciji-_NP-GIZ-III.docx\">1. Izjava o pripadnosti povratni\u010dkoj populaciji _NP GIZ III<br \/>\n<\/a><a href=\"http:\/\/seda.org.rs\/wp-content\/uploads\/2022\/02\/2.-Izjava-o-pripadnosti-Romskoj-nacionalnoj-manjini_NP-GIZ-III.docx\">2. Izjava o pripadnosti Romskoj nacionalnoj manjini_NP GIZ III<br \/>\n<\/a><a href=\"http:\/\/seda.org.rs\/wp-content\/uploads\/2022\/02\/3.-Izjava-o-nezaposlenosti_NP-GIZ-III.docx\">3. Izjava o nezaposlenosti_NP GIZ III<br \/>\n<\/a><a href=\"http:\/\/seda.org.rs\/wp-content\/uploads\/2022\/02\/JAVNI-POZIV-ZA-NEZAPOSLENA-LICA.pdf\">JAVNI POZIV ZA NEZAPOSLENA LICA<br \/>\n<\/a><a href=\"http:\/\/seda.org.rs\/wp-content\/uploads\/2022\/02\/PRIJAVA-Javni-poziv-NEZAPOSLENI.docx\">PRIJAVA &#8211; Javni poziv &#8211; NEZAPOSLENI<\/a><\/li>\n<li>za izbor poslodavaca za dodelu podr\u0161ke za zapo\u0161ljavanje na novootvorenim radnim mestima kroz dodelu subvencija za zapo\u0161ljavanje nezaposlenih lica iz kategorija te\u017ee zapo\u0161ljivih sa posebnim naglaskom na povratnike, rome i mlade do 30 godina. Dokumentaciju mo\u017eete preuzeti u nastavku, i to:<br \/>\n<a href=\"http:\/\/seda.org.rs\/wp-content\/uploads\/2022\/02\/JAVNI-POZIV-ZA-IZBOR-POSLODAVACA.pdf\">JAVNI POZIV ZA IZBOR POSLODAVACA<br \/>\n<\/a><a href=\"http:\/\/seda.org.rs\/wp-content\/uploads\/2022\/02\/Prijava-na-javni-poziv-POSLODAVCI.docx\">Prijava na javni poziv &#8211; POSLODAVCI<\/a><\/li>\n<\/ul>\n<\/div>\n<\/div>\n<\/div>\n<\/section>\n<section id=\"content1-ai\" class=\"mbr-section article content1 cid-sUU3s8HT7l\">\n<div class=\"container\"><\/div>\n<\/section>\n","protected":false},"featured_media":19664,"template":[67],"meta":{"aktivni-projekat":"false","datum-objavljivanja":"","rok-za-prijavu-na-konkurs":1578614400,"ko-se-moze-prijaviti":{"Drugo":"false","Javna uprava":"false","Mala i srednja preduze\u0107a":"false","Neformalne grupe":"false","Obrazovne ustanove":"false","Organizacije civilnog dru\u0161tva":"false","Pojedinci":"false","Preduzetnici":"false","Privredna dru\u0161tva":"false"},"budzet":"","vrsta-finansijske-podrske":{"Bespovratna sredstva (grant \u0161eme)":"false","Drugo":"false"},"oblast-podrske":{"Rodna ravnopravnost":"false"},"dokumenta":"","geografska-pokrivenost":{"Novi Pazar":"false","Sjenica":"false","Tutin":"false"},"posebni-zahtevi-donatora":"","kako-se-aplicira":"","linkovi":""},"donator":[],"class_list":["post-18448","konkursi","type-konkursi","status-publish","has-post-thumbnail","hentry","template-jednostranicni-dizajn"],"_links":{"self":[{"href":"https:\/\/seda.org.rs\/en\/wp-json\/wp\/v2\/konkursi\/18448","targetHints":{"allow":["GET"]}}],"collection":[{"href":"https:\/\/seda.org.rs\/en\/wp-json\/wp\/v2\/konkursi"}],"about":[{"href":"https:\/\/seda.org.rs\/en\/wp-json\/wp\/v2\/types\/konkursi"}],"wp:featuredmedia":[{"embeddable":true,"href":"https:\/\/seda.org.rs\/en\/wp-json\/wp\/v2\/media\/19664"}],"wp:attachment":[{"href":"https:\/\/seda.org.rs\/en\/wp-json\/wp\/v2\/media?parent=18448"}],"wp:term":[{"taxonomy":"template","embeddable":true,"href":"https:\/\/seda.org.rs\/en\/wp-json\/wp\/v2\/template?post=18448"},{"taxonomy":"donator","embeddable":true,"href":"https:\/\/seda.org.rs\/en\/wp-json\/wp\/v2\/donator?post=18448"}],"curies":[{"name":"wp","href":"https:\/\/api.w.org\/{rel}","templated":true}]}}

<section id="2202-02" class="mbr-section article content1 cid-sWyloodjdP">
<div class="container">
<div class="media-container-row">
<div class="mbr-text col-12 mbr-fonts-style display-7 col-md-12">
<p class="">Objavljeni novi javni pozivi u okviru projekta ,,NOVI PAZAR ZA NOVE POSLOVE”, koji finansira Nemačka razvojna saradnja, a implementira GIZ u okviru programa Inkluzija Roma i drugih marginalizovanih grupa u Srbiji – Inicijativa za inkluziju FAZA III.</p>
<p class="">Objavljeni su pozivi:</p>
<ul>
<li>za izbor nezaposlenih lica iz teže zapošljivih grupa, sa posebnim naglaskom na povratnike, rome i mlade ispod 30 godina, za proces dokvalifikacije i prekvalifikacije i/ili zapošljavanja kod poznatog poslodavca.  Dokumentaciju možete preuzeti u nastavku, i to:<br />
<a href="http://seda.org.rs/wp-content/uploads/2022/02/0.-Pristanak-na-obradu-podataka-o-ličnosti_NP-GIZ-III.docx">0. Pristanak na obradu podataka o ličnosti_NP GIZ III<br />
</a><a href="http://seda.org.rs/wp-content/uploads/2022/02/1.-Izjava-o-pripadnosti-povratničkoj-populaciji-_NP-GIZ-III.docx">1. Izjava o pripadnosti povratničkoj populaciji _NP GIZ III<br />
</a><a href="http://seda.org.rs/wp-content/uploads/2022/02/2.-Izjava-o-pripadnosti-Romskoj-nacionalnoj-manjini_NP-GIZ-III.docx">2. Izjava o pripadnosti Romskoj nacionalnoj manjini_NP GIZ III<br />
</a><a href="http://seda.org.rs/wp-content/uploads/2022/02/3.-Izjava-o-nezaposlenosti_NP-GIZ-III.docx">3. Izjava o nezaposlenosti_NP GIZ III<br />
</a><a href="http://seda.org.rs/wp-content/uploads/2022/02/JAVNI-POZIV-ZA-NEZAPOSLENA-LICA.pdf">JAVNI POZIV ZA NEZAPOSLENA LICA<br />
</a><a href="http://seda.org.rs/wp-content/uploads/2022/02/PRIJAVA-Javni-poziv-NEZAPOSLENI.docx">PRIJAVA &#8211; Javni poziv &#8211; NEZAPOSLENI</a></li>
<li>za izbor poslodavaca za dodelu podrške za zapošljavanje na novootvorenim radnim mestima kroz dodelu subvencija za zapošljavanje nezaposlenih lica iz kategorija teže zapošljivih sa posebnim naglaskom na povratnike, rome i mlade do 30 godina. Dokumentaciju možete preuzeti u nastavku, i to:<br />
<a href="http://seda.org.rs/wp-content/uploads/2022/02/JAVNI-POZIV-ZA-IZBOR-POSLODAVACA.pdf">JAVNI POZIV ZA IZBOR POSLODAVACA<br />
</a><a href="http://seda.org.rs/wp-content/uploads/2022/02/Prijava-na-javni-poziv-POSLODAVCI.docx">Prijava na javni poziv &#8211; POSLODAVCI</a></li>
</ul>
</div>
</div>
</div>
</section>
<section id="content1-ai" class="mbr-section article content1 cid-sUU3s8HT7l">
<div class="container"></div>
</section>
